{"id":42096,"date":"2024-06-06T16:29:01","date_gmt":"2024-06-06T20:29:01","guid":{"rendered":"https:\/\/amchamchile.cl\/?post_type=events&#038;p=42096"},"modified":"2024-06-06T16:29:01","modified_gmt":"2024-06-06T20:29:01","slug":"vii-version-circulo-de-mentorias-en-diversidad-equidad-e-inclusion","status":"publish","type":"events","link":"https:\/\/amchamchile.cl\/en\/eventos\/vii-version-circulo-de-mentorias-en-diversidad-equidad-e-inclusion\/","title":{"rendered":"VII Versi\u00f3n C\u00edrculo de Mentor\u00edas en Diversidad, Equidad e Inclusi\u00f3n"},"content":{"rendered":"","protected":false},"excerpt":{"rendered":"","protected":false},"author":2,"featured_media":33422,"parent":0,"menu_order":0,"template":"modules-template","events_tax":[87],"event_type":[14],"user_type":[44,6],"class_list":["post-42096","events","type-events","status-publish","has-post-thumbnail","hentry","events_tax-comites-amcham-chile","event_type-general","user_type-actividades-amcham","user_type-general"],"acf":[],"yoast_head":"<!-- This site is optimized with the Yoast SEO plugin v27.2 - https:\/\/yoast.com\/product\/yoast-seo-wordpress\/ -->\n<title>VII Versi\u00f3n C\u00edrculo de Mentor\u00edas en Diversidad, Equidad e Inclusi\u00f3n - AmCham Chile<\/title>\n<meta name=\"robots\" content=\"index, follow, max-snippet:-1, max-image-preview:large, max-video-preview:-1\" \/>\n<link rel=\"canonical\" href=\"https:\/\/amchamchile.cl\/eventos\/vii-version-circulo-de-mentorias-en-diversidad-equidad-e-inclusion\/\" \/>\n<meta property=\"og:locale\" content=\"en_US\" \/>\n<meta property=\"og:type\" content=\"article\" \/>\n<meta property=\"og:title\" content=\"VII Versi\u00f3n C\u00edrculo de Mentor\u00edas en Diversidad, Equidad e Inclusi\u00f3n - AmCham Chile\" \/>\n<meta property=\"og:url\" content=\"https:\/\/amchamchile.cl\/eventos\/vii-version-circulo-de-mentorias-en-diversidad-equidad-e-inclusion\/\" \/>\n<meta property=\"og:site_name\" content=\"AmCham Chile\" \/>\n<meta property=\"og:image\" content=\"https:\/\/amchamchile.cl\/content\/uploads\/dei-calendario-1024x591.png\" \/>\n\t<meta property=\"og:image:width\" content=\"1024\" \/>\n\t<meta property=\"og:image:height\" content=\"591\" \/>\n\t<meta property=\"og:image:type\" content=\"image\/png\" \/>\n<meta name=\"twitter:card\" content=\"summary_large_image\" \/>\n<script type=\"application\/ld+json\" class=\"yoast-schema-graph\">{\"@context\":\"https:\/\/schema.org\",\"@graph\":[{\"@type\":\"WebPage\",\"@id\":\"https:\/\/amchamchile.cl\/eventos\/vii-version-circulo-de-mentorias-en-diversidad-equidad-e-inclusion\/\",\"url\":\"https:\/\/amchamchile.cl\/eventos\/vii-version-circulo-de-mentorias-en-diversidad-equidad-e-inclusion\/\",\"name\":\"VII Versi\u00f3n C\u00edrculo de Mentor\u00edas en Diversidad, Equidad e Inclusi\u00f3n - AmCham Chile\",\"isPartOf\":{\"@id\":\"https:\/\/amchamchile.cl\/#website\"},\"primaryImageOfPage\":{\"@id\":\"https:\/\/amchamchile.cl\/eventos\/vii-version-circulo-de-mentorias-en-diversidad-equidad-e-inclusion\/#primaryimage\"},\"image\":{\"@id\":\"https:\/\/amchamchile.cl\/eventos\/vii-version-circulo-de-mentorias-en-diversidad-equidad-e-inclusion\/#primaryimage\"},\"thumbnailUrl\":\"https:\/\/amchamchile.cl\/content\/uploads\/dei-calendario.png\",\"datePublished\":\"2024-06-06T20:29:01+00:00\",\"breadcrumb\":{\"@id\":\"https:\/\/amchamchile.cl\/eventos\/vii-version-circulo-de-mentorias-en-diversidad-equidad-e-inclusion\/#breadcrumb\"},\"inLanguage\":\"en-US\",\"potentialAction\":[{\"@type\":\"ReadAction\",\"target\":[\"https:\/\/amchamchile.cl\/eventos\/vii-version-circulo-de-mentorias-en-diversidad-equidad-e-inclusion\/\"]}]},{\"@type\":\"ImageObject\",\"inLanguage\":\"en-US\",\"@id\":\"https:\/\/amchamchile.cl\/eventos\/vii-version-circulo-de-mentorias-en-diversidad-equidad-e-inclusion\/#primaryimage\",\"url\":\"https:\/\/amchamchile.cl\/content\/uploads\/dei-calendario.png\",\"contentUrl\":\"https:\/\/amchamchile.cl\/content\/uploads\/dei-calendario.png\",\"width\":1940,\"height\":1120},{\"@type\":\"BreadcrumbList\",\"@id\":\"https:\/\/amchamchile.cl\/eventos\/vii-version-circulo-de-mentorias-en-diversidad-equidad-e-inclusion\/#breadcrumb\",\"itemListElement\":[{\"@type\":\"ListItem\",\"position\":1,\"name\":\"Home\",\"item\":\"https:\/\/amchamchile.cl\/en\/\"},{\"@type\":\"ListItem\",\"position\":2,\"name\":\"VII Versi\u00f3n C\u00edrculo de Mentor\u00edas en Diversidad, Equidad e Inclusi\u00f3n\"}]},{\"@type\":\"WebSite\",\"@id\":\"https:\/\/amchamchile.cl\/#website\",\"url\":\"https:\/\/amchamchile.cl\/\",\"name\":\"AmCham Chile\",\"description\":\"C\u00e1mara Chilena Norteamericana de Comercio\",\"potentialAction\":[{\"@type\":\"SearchAction\",\"target\":{\"@type\":\"EntryPoint\",\"urlTemplate\":\"https:\/\/amchamchile.cl\/?s={search_term_string}\"},\"query-input\":{\"@type\":\"PropertyValueSpecification\",\"valueRequired\":true,\"valueName\":\"search_term_string\"}}],\"inLanguage\":\"en-US\"}]}<\/script>\n<!-- \/ Yoast SEO plugin. -->","yoast_head_json":{"title":"VII Versi\u00f3n C\u00edrculo de Mentor\u00edas en Diversidad, Equidad e Inclusi\u00f3n - AmCham Chile","robots":{"index":"index","follow":"follow","max-snippet":"max-snippet:-1","max-image-preview":"max-image-preview:large","max-video-preview":"max-video-preview:-1"},"canonical":"https:\/\/amchamchile.cl\/eventos\/vii-version-circulo-de-mentorias-en-diversidad-equidad-e-inclusion\/","og_locale":"en_US","og_type":"article","og_title":"VII Versi\u00f3n C\u00edrculo de Mentor\u00edas en Diversidad, Equidad e Inclusi\u00f3n - AmCham Chile","og_url":"https:\/\/amchamchile.cl\/eventos\/vii-version-circulo-de-mentorias-en-diversidad-equidad-e-inclusion\/","og_site_name":"AmCham Chile","og_image":[{"width":1024,"height":591,"url":"https:\/\/amchamchile.cl\/content\/uploads\/dei-calendario-1024x591.png","type":"image\/png"}],"twitter_card":"summary_large_image","schema":{"@context":"https:\/\/schema.org","@graph":[{"@type":"WebPage","@id":"https:\/\/amchamchile.cl\/eventos\/vii-version-circulo-de-mentorias-en-diversidad-equidad-e-inclusion\/","url":"https:\/\/amchamchile.cl\/eventos\/vii-version-circulo-de-mentorias-en-diversidad-equidad-e-inclusion\/","name":"VII Versi\u00f3n C\u00edrculo de Mentor\u00edas en Diversidad, Equidad e Inclusi\u00f3n - AmCham Chile","isPartOf":{"@id":"https:\/\/amchamchile.cl\/#website"},"primaryImageOfPage":{"@id":"https:\/\/amchamchile.cl\/eventos\/vii-version-circulo-de-mentorias-en-diversidad-equidad-e-inclusion\/#primaryimage"},"image":{"@id":"https:\/\/amchamchile.cl\/eventos\/vii-version-circulo-de-mentorias-en-diversidad-equidad-e-inclusion\/#primaryimage"},"thumbnailUrl":"https:\/\/amchamchile.cl\/content\/uploads\/dei-calendario.png","datePublished":"2024-06-06T20:29:01+00:00","breadcrumb":{"@id":"https:\/\/amchamchile.cl\/eventos\/vii-version-circulo-de-mentorias-en-diversidad-equidad-e-inclusion\/#breadcrumb"},"inLanguage":"en-US","potentialAction":[{"@type":"ReadAction","target":["https:\/\/amchamchile.cl\/eventos\/vii-version-circulo-de-mentorias-en-diversidad-equidad-e-inclusion\/"]}]},{"@type":"ImageObject","inLanguage":"en-US","@id":"https:\/\/amchamchile.cl\/eventos\/vii-version-circulo-de-mentorias-en-diversidad-equidad-e-inclusion\/#primaryimage","url":"https:\/\/amchamchile.cl\/content\/uploads\/dei-calendario.png","contentUrl":"https:\/\/amchamchile.cl\/content\/uploads\/dei-calendario.png","width":1940,"height":1120},{"@type":"BreadcrumbList","@id":"https:\/\/amchamchile.cl\/eventos\/vii-version-circulo-de-mentorias-en-diversidad-equidad-e-inclusion\/#breadcrumb","itemListElement":[{"@type":"ListItem","position":1,"name":"Home","item":"https:\/\/amchamchile.cl\/en\/"},{"@type":"ListItem","position":2,"name":"VII Versi\u00f3n C\u00edrculo de Mentor\u00edas en Diversidad, Equidad e Inclusi\u00f3n"}]},{"@type":"WebSite","@id":"https:\/\/amchamchile.cl\/#website","url":"https:\/\/amchamchile.cl\/","name":"AmCham Chile","description":"C\u00e1mara Chilena Norteamericana de Comercio","potentialAction":[{"@type":"SearchAction","target":{"@type":"EntryPoint","urlTemplate":"https:\/\/amchamchile.cl\/?s={search_term_string}"},"query-input":{"@type":"PropertyValueSpecification","valueRequired":true,"valueName":"search_term_string"}}],"inLanguage":"en-US"}]}},"_links":{"self":[{"href":"https:\/\/amchamchile.cl\/en\/wp-json\/wp\/v2\/events\/42096","targetHints":{"allow":["GET"]}}],"collection":[{"href":"https:\/\/amchamchile.cl\/en\/wp-json\/wp\/v2\/events"}],"about":[{"href":"https:\/\/amchamchile.cl\/en\/wp-json\/wp\/v2\/types\/events"}],"author":[{"embeddable":true,"href":"https:\/\/amchamchile.cl\/en\/wp-json\/wp\/v2\/users\/2"}],"version-history":[{"count":1,"href":"https:\/\/amchamchile.cl\/en\/wp-json\/wp\/v2\/events\/42096\/revisions"}],"predecessor-version":[{"id":42099,"href":"https:\/\/amchamchile.cl\/en\/wp-json\/wp\/v2\/events\/42096\/revisions\/42099"}],"wp:featuredmedia":[{"embeddable":true,"href":"https:\/\/amchamchile.cl\/en\/wp-json\/wp\/v2\/media\/33422"}],"wp:attachment":[{"href":"https:\/\/amchamchile.cl\/en\/wp-json\/wp\/v2\/media?parent=42096"}],"wp:term":[{"taxonomy":"events_tax","embeddable":true,"href":"https:\/\/amchamchile.cl\/en\/wp-json\/wp\/v2\/events_tax?post=42096"},{"taxonomy":"event_type","embeddable":true,"href":"https:\/\/amchamchile.cl\/en\/wp-json\/wp\/v2\/event_type?post=42096"},{"taxonomy":"user_type","embeddable":true,"href":"https:\/\/amchamchile.cl\/en\/wp-json\/wp\/v2\/user_type?post=42096"}],"curies":[{"name":"wp","href":"https:\/\/api.w.org\/{rel}","templated":true}]}}

VII Versión Círculo de Mentorías en Diversidad, Equidad e Inclusión

<!-- This site is optimized with the Yoast SEO plugin v27.2 - https://yoast.com/product/yoast-seo-wordpress/ -->
<title>VII Versión Círculo de Mentorías en Diversidad, Equidad e Inclusión - AmCham Chile</title>
<meta name="robots" content="index, follow, max-snippet:-1, max-image-preview:large, max-video-preview:-1" />
<link rel="canonical" href="https://amchamchile.cl/eventos/vii-version-circulo-de-mentorias-en-diversidad-equidad-e-inclusion/" />
<meta property="og:locale" content="en_US" />
<meta property="og:type" content="article" />
<meta property="og:title" content="VII Versión Círculo de Mentorías en Diversidad, Equidad e Inclusión - AmCham Chile" />
<meta property="og:url" content="https://amchamchile.cl/eventos/vii-version-circulo-de-mentorias-en-diversidad-equidad-e-inclusion/" />
<meta property="og:site_name" content="AmCham Chile" />
<meta property="og:image" content="https://amchamchile.cl/content/uploads/dei-calendario-1024x591.png" />
	<meta property="og:image:width" content="1024" />
	<meta property="og:image:height" content="591" />
	<meta property="og:image:type" content="image/png" />
<meta name="twitter:card" content="summary_large_image" />
<script type="application/ld+json" class="yoast-schema-graph">{"@context":"https://schema.org","@graph":[{"@type":"WebPage","@id":"https://amchamchile.cl/eventos/vii-version-circulo-de-mentorias-en-diversidad-equidad-e-inclusion/","url":"https://amchamchile.cl/eventos/vii-version-circulo-de-mentorias-en-diversidad-equidad-e-inclusion/","name":"VII Versión Círculo de Mentorías en Diversidad, Equidad e Inclusión - AmCham Chile","isPartOf":{"@id":"https://amchamchile.cl/#website"},"primaryImageOfPage":{"@id":"https://amchamchile.cl/eventos/vii-version-circulo-de-mentorias-en-diversidad-equidad-e-inclusion/#primaryimage"},"image":{"@id":"https://amchamchile.cl/eventos/vii-version-circulo-de-mentorias-en-diversidad-equidad-e-inclusion/#primaryimage"},"thumbnailUrl":"https://amchamchile.cl/content/uploads/dei-calendario.png","datePublished":"2024-06-06T20:29:01+00:00","breadcrumb":{"@id":"https://amchamchile.cl/eventos/vii-version-circulo-de-mentorias-en-diversidad-equidad-e-inclusion/#breadcrumb"},"inLanguage":"en-US","potentialAction":[{"@type":"ReadAction","target":["https://amchamchile.cl/eventos/vii-version-circulo-de-mentorias-en-diversidad-equidad-e-inclusion/"]}]},{"@type":"ImageObject","inLanguage":"en-US","@id":"https://amchamchile.cl/eventos/vii-version-circulo-de-mentorias-en-diversidad-equidad-e-inclusion/#primaryimage","url":"https://amchamchile.cl/content/uploads/dei-calendario.png","contentUrl":"https://amchamchile.cl/content/uploads/dei-calendario.png","width":1940,"height":1120},{"@type":"BreadcrumbList","@id":"https://amchamchile.cl/eventos/vii-version-circulo-de-mentorias-en-diversidad-equidad-e-inclusion/#breadcrumb","itemListElement":[{"@type":"ListItem","position":1,"name":"Home","item":"https://amchamchile.cl/en/"},{"@type":"ListItem","position":2,"name":"VII Versión Círculo de Mentorías en Diversidad, Equidad e Inclusión"}]},{"@type":"WebSite","@id":"https://amchamchile.cl/#website","url":"https://amchamchile.cl/","name":"AmCham Chile","description":"Cámara Chilena Norteamericana de Comercio","potentialAction":[{"@type":"SearchAction","target":{"@type":"EntryPoint","urlTemplate":"https://amchamchile.cl/?s={search_term_string}"},"query-input":{"@type":"PropertyValueSpecification","valueRequired":true,"valueName":"search_term_string"}}],"inLanguage":"en-US"}]}</script>
<!-- / Yoast SEO plugin. -->

VII Versión Círculo de Mentorías en Diversidad, Equidad e Inclusión - AmCham Chile

Cámara Chilena Norteamericana de Comercio
