{"version":"1.0","provider_name":"AmCham Chile","provider_url":"https:\/\/amchamchile.cl\/en\/","title":"Presidenta de AmCham en Foro de Inversi\u00f3n ExtranjeraPresident of AmCham Chile in Foreign Investment Forum - AmCham Chile","type":"rich","width":600,"height":338,"html":"<blockquote class=\"wp-embedded-content\" data-secret=\"AQyJ2tNj6u\"><a href=\"https:\/\/amchamchile.cl\/en\/noticia\/presidenta-de-amcham-en-foro-de-inversion-extranjera\/\"><!--:es-->Presidenta de AmCham en Foro de Inversi\u00f3n Extranjera<!--:--><!--:en-->President of AmCham Chile in Foreign Investment Forum<!--:--><\/a><\/blockquote><iframe sandbox=\"allow-scripts\" security=\"restricted\" src=\"https:\/\/amchamchile.cl\/en\/noticia\/presidenta-de-amcham-en-foro-de-inversion-extranjera\/embed\/#?secret=AQyJ2tNj6u\" width=\"600\" height=\"338\" title=\"&#8220;&lt;!--:es--&gt;Presidenta de AmCham en Foro de Inversi\u00f3n Extranjera&lt;!--:--&gt;&lt;!--:en--&gt;President of AmCham Chile in Foreign Investment Forum&lt;!--:--&gt;&#8221; &#8212; AmCham Chile\" data-secret=\"AQyJ2tNj6u\" frameborder=\"0\" marginwidth=\"0\" marginheight=\"0\" scrolling=\"no\" class=\"wp-embedded-content\"><\/iframe><script type=\"text\/javascript\">\n\/* <![CDATA[ *\/\n\/*! This file is auto-generated *\/\n!function(d,l){\"use strict\";l.querySelector&&d.addEventListener&&\"undefined\"!=typeof URL&&(d.wp=d.wp||{},d.wp.receiveEmbedMessage||(d.wp.receiveEmbedMessage=function(e){var t=e.data;if((t||t.secret||t.message||t.value)&&!\/[^a-zA-Z0-9]\/.test(t.secret)){for(var s,r,n,a=l.querySelectorAll('iframe[data-secret=\"'+t.secret+'\"]'),o=l.querySelectorAll('blockquote[data-secret=\"'+t.secret+'\"]'),c=new RegExp(\"^https?:$\",\"i\"),i=0;i<o.length;i++)o[i].style.display=\"none\";for(i=0;i<a.length;i++)s=a[i],e.source===s.contentWindow&&(s.removeAttribute(\"style\"),\"height\"===t.message?(1e3<(r=parseInt(t.value,10))?r=1e3:~~r<200&&(r=200),s.height=r):\"link\"===t.message&&(r=new URL(s.getAttribute(\"src\")),n=new URL(t.value),c.test(n.protocol))&&n.host===r.host&&l.activeElement===s&&(d.top.location.href=t.value))}},d.addEventListener(\"message\",d.wp.receiveEmbedMessage,!1),l.addEventListener(\"DOMContentLoaded\",function(){for(var e,t,s=l.querySelectorAll(\"iframe.wp-embedded-content\"),r=0;r<s.length;r++)(t=(e=s[r]).getAttribute(\"data-secret\"))||(t=Math.random().toString(36).substring(2,12),e.src+=\"#?secret=\"+t,e.setAttribute(\"data-secret\",t)),e.contentWindow.postMessage({message:\"ready\",secret:t},\"*\")},!1)))}(window,document);\n\/\/# sourceURL=https:\/\/amchamchile.cl\/cms\/wp-includes\/js\/wp-embed.min.js\n\/* ]]> *\/\n<\/script>\n","description":"Con la presencia de la Presidenta Michelle Bachelet y el Ministro de Econom\u00eda, Luis Felipe C\u00e9spedes, se realiz\u00f3 la versi\u00f3n 2015 del Foro Internacional de Inversi\u00f3n Extranjera, evento multisectorial para compa\u00f1\u00edas multinacionales l\u00edderes que buscan posicionarse en Chile. La presidenta de la C\u00e1mara Chileno Norteamericana de Comercio, Kathleen Barclay, particip\u00f3 en un panel en torno [&hellip;]"}

Presidenta de AmCham en Foro de Inversión ExtranjeraPresident of AmCham Chile in Foreign Investment Forum - AmCham Chile

<blockquote class="wp-embedded-content" data-secret="AQyJ2tNj6u"><a href="https://amchamchile.cl/en/noticia/presidenta-de-amcham-en-foro-de-inversion-extranjera/"><!--:es-->Presidenta de AmCham en Foro de Inversión Extranjera<!--:--><!--:en-->President of AmCham Chile in Foreign Investment Forum<!--:--></a></blockquote><iframe sandbox="allow-scripts" security="restricted" src="https://amchamchile.cl/en/noticia/presidenta-de-amcham-en-foro-de-inversion-extranjera/embed/#?secret=AQyJ2tNj6u" width="600" height="338" title="&#8220;&lt;!--:es--&gt;Presidenta de AmCham en Foro de Inversión Extranjera&lt;!--:--&gt;&lt;!--:en--&gt;President of AmCham Chile in Foreign Investment Forum&lt;!--:--&gt;&#8221; &#8212; AmCham Chile" data-secret="AQyJ2tNj6u" frameborder="0" marginwidth="0" marginheight="0" scrolling="no" class="wp-embedded-content"></iframe><script type="text/javascript">
/* <![CDATA[ */
/*! This file is auto-generated */
!function(d,l){"use strict";l.querySelector&&d.addEventListener&&"undefined"!=typeof URL&&(d.wp=d.wp||{},d.wp.receiveEmbedMessage||(d.wp.receiveEmbedMessage=function(e){var t=e.data;if((t||t.secret||t.message||t.value)&&!/[^a-zA-Z0-9]/.test(t.secret)){for(var s,r,n,a=l.querySelectorAll('iframe[data-secret="'+t.secret+'"]'),o=l.querySelectorAll('blockquote[data-secret="'+t.secret+'"]'),c=new RegExp("^https?:$","i"),i=0;i<o.length;i++)o[i].style.display="none";for(i=0;i<a.length;i++)s=a[i],e.source===s.contentWindow&&(s.removeAttribute("style"),"height"===t.message?(1e3<(r=parseInt(t.value,10))?r=1e3:~~r<200&&(r=200),s.height=r):"link"===t.message&&(r=new URL(s.getAttribute("src")),n=new URL(t.value),c.test(n.protocol))&&n.host===r.host&&l.activeElement===s&&(d.top.location.href=t.value))}},d.addEventListener("message",d.wp.receiveEmbedMessage,!1),l.addEventListener("DOMContentLoaded",function(){for(var e,t,s=l.querySelectorAll("iframe.wp-embedded-content"),r=0;r<s.length;r++)(t=(e=s[r]).getAttribute("data-secret"))||(t=Math.random().toString(36).substring(2,12),e.src+="#?secret="+t,e.setAttribute("data-secret",t)),e.contentWindow.postMessage({message:"ready",secret:t},"*")},!1)))}(window,document);
//# sourceURL=https://amchamchile.cl/cms/wp-includes/js/wp-embed.min.js
/* ]]> */
</script>

Con la presencia de la Presidenta Michelle Bachelet y el Ministro de Economía, Luis Felipe Céspedes, se realizó la versión 2015 del Foro Internacional de Inversión Extranjera, evento multisectorial para compañías multinacionales líderes que buscan posicionarse en Chile. La presidenta de la Cámara Chileno Norteamericana de Comercio, Kathleen Barclay, participó en un panel en torno [&hellip;]
